{"id":153,"date":"2021-02-28T09:53:38","date_gmt":"2021-02-28T08:53:38","guid":{"rendered":"https:\/\/kunstundfotografie.de\/public\/?page_id=153"},"modified":"2021-03-12T18:19:58","modified_gmt":"2021-03-12T17:19:58","slug":"aebby-h","status":"publish","type":"page","link":"https:\/\/kunstundfotografie.de\/public\/aebby-h\/","title":{"rendered":"Aebby H."},"content":{"rendered":"\n<div class=\"wp-block-columns is-layout-flex wp-container-core-columns-is-layout-9d6595d7 wp-block-columns-is-layout-flex\">\n<div class=\"wp-block-column is-layout-flow wp-block-column-is-layout-flow\" style=\"flex-basis:100%\">\n<div class=\"wp-block-columns is-layout-flex wp-container-core-columns-is-layout-9d6595d7 wp-block-columns-is-layout-flex\">\n<div class=\"wp-block-column is-layout-flow wp-block-column-is-layout-flow\" style=\"flex-basis:100%\">\n<div class=\"wp-block-media-text alignwide is-stacked-on-mobile is-vertically-aligned-top\" style=\"grid-template-columns:22% auto\"><figure class=\"wp-block-media-text__media\"><img loading=\"lazy\" decoding=\"async\" width=\"300\" height=\"293\" src=\"https:\/\/kunstundfotografie.de\/public\/wp-content\/uploads\/2021\/02\/aebby_klein.jpg\" alt=\"\" class=\"wp-image-155 size-full\"\/><\/figure><div class=\"wp-block-media-text__content\">\n<p>Experimenteller Alltags-Fotografierer und technisches Spielkind, Kunst- und Fotografie-Liebhaber. Meine erste Fotografie machte ich 1968 &#8211; es war die ausgehende Zeit der Lichtschachtsucher, Handbelichtungsmesser und M42 Objektive. Die Ger\u00e4tschaften sind moderner geworden, geblieben ist die Faszination an den Ger\u00e4tschaften &#8211; hinzugekommen ist das Bewusstsein der fotografischen Subjektivit\u00e4t.<\/p>\n\n\n\n<p>Zitat eines ungenannten Fotografen: &#8222;<em>Auch wenn an der Kamera vorne ein Objektiv montiert ist kommt hinten etwas Subjektives heraus<\/em>.&#8220;<\/p>\n\n\n\n<p>Wenn die Subjektivit\u00e4t der K\u00fcnstler*in einen Widerhall in der subjektiven Wahrnehmung der Betrachter*in ausl\u00f6st entsteht eine Geschichte und Kunst wird zur gelungenen Kommunikation.<\/p>\n\n\n\n<p><a rel=\"noreferrer noopener\" href=\"https:\/\/log.aebby.de\" target=\"_blank\">log.aebby.de<\/a><\/p>\n<\/div><\/div>\n<\/div>\n<\/div>\n<\/div>\n<\/div>\n\n\n\n<p><\/p>\n\n\n<div class=\"pt-cv-wrapper\"><div class=\"pt-cv-view pt-cv-pinterest pt-cv-colsys pt-cv-shadow pt-cv-bb pt-cv-pgregular\" id=\"pt-cv-view-af85305kom\"><div data-id=\"pt-cv-page-1\" class=\"pt-cv-page\" data-cvc=\"4\"><div class=\"col-md-3 col-sm-6 col-xs-12 pt-cv-content-item pt-cv-1-col\"  data-pid=\"1158\"><div class='pt-cv-pinmas'><a href=\"https:\/\/kunstundfotografie.de\/public\/wp-content\/uploads\/2022\/11\/stadt6.jpg\" class=\"pt-cv-lightbox-image pt-cv-href-thumbnail pt-cv-thumb-default cvplbd\" target=\"pt-cv-lightbox-image\" ><img loading=\"lazy\" decoding=\"async\" width=\"204\" height=\"300\" src=\"https:\/\/kunstundfotografie.de\/public\/wp-content\/uploads\/2022\/11\/stadt6-204x300.jpg\" class=\"pt-cv-thumbnail img-none skip-lazy \" alt=\"Aebby H. \/ lost city\" \/><\/a><\/div><\/div>\n<div class=\"col-md-3 col-sm-6 col-xs-12 pt-cv-content-item pt-cv-1-col\"  data-pid=\"1059\"><div class='pt-cv-pinmas'><a href=\"https:\/\/kunstundfotografie.de\/public\/wp-content\/uploads\/2022\/06\/2022_06_Eckernfoerde_Quallen_web.jpg\" class=\"pt-cv-lightbox-image pt-cv-href-thumbnail pt-cv-thumb-default cvplbd\" target=\"pt-cv-lightbox-image\" ><img loading=\"lazy\" decoding=\"async\" width=\"300\" height=\"300\" src=\"https:\/\/kunstundfotografie.de\/public\/wp-content\/uploads\/2022\/06\/2022_06_Eckernfoerde_Quallen_web-300x300.jpg\" class=\"pt-cv-thumbnail img-none skip-lazy \" alt=\"Aebby H. \/ Selfie mit Quallen\" \/><\/a><\/div><\/div>\n<div class=\"col-md-3 col-sm-6 col-xs-12 pt-cv-content-item pt-cv-1-col\"  data-pid=\"791\"><div class='pt-cv-pinmas'><a href=\"https:\/\/kunstundfotografie.de\/public\/wp-content\/uploads\/2021\/03\/2021.03.KW11.schleuse.1.web_.jpg\" class=\"pt-cv-lightbox-image pt-cv-href-thumbnail pt-cv-thumb-default cvplbd\" target=\"pt-cv-lightbox-image\" ><img loading=\"lazy\" decoding=\"async\" width=\"300\" height=\"203\" src=\"https:\/\/kunstundfotografie.de\/public\/wp-content\/uploads\/2021\/03\/2021.03.KW11.schleuse.1.web_-300x203.jpg\" class=\"pt-cv-thumbnail img-none skip-lazy \" alt=\"Aebby H. \/ those who watch\" \/><\/a><\/div><\/div>\n<div class=\"col-md-3 col-sm-6 col-xs-12 pt-cv-content-item pt-cv-1-col\"  data-pid=\"541\"><div class='pt-cv-pinmas'><a href=\"https:\/\/kunstundfotografie.de\/public\/wp-content\/uploads\/2021\/03\/2017_KW_44_Nebelfeld_web.jpg\" class=\"pt-cv-lightbox-image pt-cv-href-thumbnail pt-cv-thumb-default cvplbd\" target=\"pt-cv-lightbox-image\" ><img loading=\"lazy\" decoding=\"async\" width=\"300\" height=\"300\" src=\"https:\/\/kunstundfotografie.de\/public\/wp-content\/uploads\/2021\/03\/2017_KW_44_Nebelfeld_web-300x300.jpg\" class=\"pt-cv-thumbnail img-none skip-lazy \" alt=\"Aebby H. \/ Nebelfeld\" \/><\/a><\/div><\/div>\n<div class=\"col-md-3 col-sm-6 col-xs-12 pt-cv-content-item pt-cv-1-col\"  data-pid=\"528\"><div class='pt-cv-pinmas'><a href=\"https:\/\/kunstundfotografie.de\/public\/wp-content\/uploads\/2021\/03\/2018_08_KW_31_1_anybody_out_there_web.jpg\" class=\"pt-cv-lightbox-image pt-cv-href-thumbnail pt-cv-thumb-default cvplbd\" target=\"pt-cv-lightbox-image\" ><img loading=\"lazy\" decoding=\"async\" width=\"300\" height=\"300\" src=\"https:\/\/kunstundfotografie.de\/public\/wp-content\/uploads\/2021\/03\/2018_08_KW_31_1_anybody_out_there_web-300x300.jpg\" class=\"pt-cv-thumbnail img-none skip-lazy \" alt=\"Aebby H. \/ anybody out there?\" \/><\/a><\/div><\/div>\n<div class=\"col-md-3 col-sm-6 col-xs-12 pt-cv-content-item pt-cv-1-col\"  data-pid=\"367\"><div class='pt-cv-pinmas'><a href=\"https:\/\/kunstundfotografie.de\/public\/wp-content\/uploads\/2021\/03\/2010_treppen_farbenspiel.jpg\" class=\"pt-cv-lightbox-image pt-cv-href-thumbnail pt-cv-thumb-default cvplbd\" target=\"pt-cv-lightbox-image\" ><img loading=\"lazy\" decoding=\"async\" width=\"300\" height=\"300\" src=\"https:\/\/kunstundfotografie.de\/public\/wp-content\/uploads\/2021\/03\/2010_treppen_farbenspiel-300x300.jpg\" class=\"pt-cv-thumbnail img-none skip-lazy \" alt=\"Aebby H. \/ Schattenspiel\" \/><\/a><\/div><\/div>\n<div class=\"col-md-3 col-sm-6 col-xs-12 pt-cv-content-item pt-cv-1-col\"  data-pid=\"361\"><div class='pt-cv-pinmas'><a href=\"https:\/\/kunstundfotografie.de\/public\/wp-content\/uploads\/2021\/03\/morpheus.jpg\" class=\"pt-cv-lightbox-image pt-cv-href-thumbnail pt-cv-thumb-default cvplbd\" target=\"pt-cv-lightbox-image\" ><img loading=\"lazy\" decoding=\"async\" width=\"300\" height=\"200\" src=\"https:\/\/kunstundfotografie.de\/public\/wp-content\/uploads\/2021\/03\/morpheus-300x200.jpg\" class=\"pt-cv-thumbnail img-none skip-lazy \" alt=\"Aebby H. \/ Morpheus\" \/><\/a><\/div><\/div>\n<div class=\"col-md-3 col-sm-6 col-xs-12 pt-cv-content-item pt-cv-1-col\"  data-pid=\"245\"><div class='pt-cv-pinmas'><a href=\"https:\/\/kunstundfotografie.de\/public\/wp-content\/uploads\/2021\/03\/2021.02.26-Aebby-Gedankenfetzen.jpg\" class=\"pt-cv-lightbox-image pt-cv-href-thumbnail pt-cv-thumb-default cvplbd\" target=\"pt-cv-lightbox-image\" ><img loading=\"lazy\" decoding=\"async\" width=\"300\" height=\"300\" src=\"https:\/\/kunstundfotografie.de\/public\/wp-content\/uploads\/2021\/03\/2021.02.26-Aebby-Gedankenfetzen-300x300.jpg\" class=\"pt-cv-thumbnail img-none skip-lazy \" alt=\"Aebby H. \/ Gedankenfetzen\" \/><\/a><\/div><\/div>\n<div class=\"col-md-3 col-sm-6 col-xs-12 pt-cv-content-item pt-cv-1-col\"  data-pid=\"241\"><div class='pt-cv-pinmas'><a href=\"https:\/\/kunstundfotografie.de\/public\/wp-content\/uploads\/2021\/03\/2021.02.26-Aebby-Haiku-Zeitgang-rastlose-Weite-endlose-Tiefe-grundlos-Zeitgang-weist-den-Weg.jpg\" class=\"pt-cv-lightbox-image pt-cv-href-thumbnail pt-cv-thumb-default cvplbd\" target=\"pt-cv-lightbox-image\" ><img loading=\"lazy\" decoding=\"async\" width=\"300\" height=\"216\" src=\"https:\/\/kunstundfotografie.de\/public\/wp-content\/uploads\/2021\/03\/2021.02.26-Aebby-Haiku-Zeitgang-rastlose-Weite-endlose-Tiefe-grundlos-Zeitgang-weist-den-Weg-300x216.jpg\" class=\"pt-cv-thumbnail img-none skip-lazy \" alt=\"Aebby H. \/ Zeitgang\" \/><\/a><\/div><\/div>\n<div class=\"col-md-3 col-sm-6 col-xs-12 pt-cv-content-item pt-cv-1-col\"  data-pid=\"239\"><div class='pt-cv-pinmas'><a href=\"https:\/\/kunstundfotografie.de\/public\/wp-content\/uploads\/2021\/02\/2020.12.12-Aebby-Fluechtigkeit-eines-Moments.jpg\" class=\"pt-cv-lightbox-image pt-cv-href-thumbnail pt-cv-thumb-default cvplbd\" target=\"pt-cv-lightbox-image\" ><img loading=\"lazy\" decoding=\"async\" width=\"300\" height=\"300\" src=\"https:\/\/kunstundfotografie.de\/public\/wp-content\/uploads\/2021\/02\/2020.12.12-Aebby-Fluechtigkeit-eines-Moments-300x300.jpg\" class=\"pt-cv-thumbnail img-none skip-lazy \" alt=\"Aebby H. \/ Fl\u00fcchtigkeit des Moments\" \/><\/a><\/div><\/div><\/div><\/div><\/div>\t\t\t<style type=\"text\/css\" id=\"pt-cv-inline-style-bb47b5b6mb\">#pt-cv-view-af85305kom .pt-cv-title a, #pt-cv-view-af85305kom  .panel-title { font-weight: 600 !important; }\n#pt-cv-view-af85305kom .pt-cv-readmore  { color: #ffffff !important; background-color: #00aeef !important; }\n#pt-cv-view-af85305kom .pt-cv-readmore:hover  { color: #ffffff !important; background-color: #00aeef !important; }\n#pt-cv-view-af85305kom  + .pt-cv-pagination-wrapper .pt-cv-more , #pt-cv-view-af85305kom  + .pt-cv-pagination-wrapper .pagination .active a, .pt-cv-pagination[data-sid='af85305kom'] .active a { color: #ffffff !important; background-color: #00aeef !important; }<\/style>\r\n\t\t\t\n","protected":false},"excerpt":{"rendered":"<p>Experimenteller Alltags-Fotografierer und technisches Spielkind, Kunst- und Fotografie-Liebhaber. Meine erste Fotografie machte ich 1968 &#8211; es war die ausgehende Zeit der Lichtschachtsucher, Handbelichtungsmesser und M42 Objektive. Die Ger\u00e4tschaften sind moderner geworden, geblieben ist die Faszination an den Ger\u00e4tschaften &#8211; hinzugekommen ist das Bewusstsein der fotografischen Subjektivit\u00e4t. Zitat eines ungenannten Fotografen: &#8222;Auch wenn an der Kamera &#8230;<\/p>\n","protected":false},"author":1,"featured_media":0,"parent":0,"menu_order":0,"comment_status":"closed","ping_status":"closed","template":"elementor_header_footer","meta":{"footnotes":""},"class_list":["post-153","page","type-page","status-publish","hentry"],"_links":{"self":[{"href":"https:\/\/kunstundfotografie.de\/public\/wp-json\/wp\/v2\/pages\/153","targetHints":{"allow":["GET"]}}],"collection":[{"href":"https:\/\/kunstundfotografie.de\/public\/wp-json\/wp\/v2\/pages"}],"about":[{"href":"https:\/\/kunstundfotografie.de\/public\/wp-json\/wp\/v2\/types\/page"}],"author":[{"embeddable":true,"href":"https:\/\/kunstundfotografie.de\/public\/wp-json\/wp\/v2\/users\/1"}],"replies":[{"embeddable":true,"href":"https:\/\/kunstundfotografie.de\/public\/wp-json\/wp\/v2\/comments?post=153"}],"version-history":[{"count":31,"href":"https:\/\/kunstundfotografie.de\/public\/wp-json\/wp\/v2\/pages\/153\/revisions"}],"predecessor-version":[{"id":619,"href":"https:\/\/kunstundfotografie.de\/public\/wp-json\/wp\/v2\/pages\/153\/revisions\/619"}],"wp:attachment":[{"href":"https:\/\/kunstundfotografie.de\/public\/wp-json\/wp\/v2\/media?parent=153"}],"curies":[{"name":"wp","href":"https:\/\/api.w.org\/{rel}","templated":true}]}}

<div class="wp-block-columns is-layout-flex wp-container-core-columns-is-layout-9d6595d7 wp-block-columns-is-layout-flex">
<div class="wp-block-column is-layout-flow wp-block-column-is-layout-flow" style="flex-basis:100%">
<div class="wp-block-columns is-layout-flex wp-container-core-columns-is-layout-9d6595d7 wp-block-columns-is-layout-flex">
<div class="wp-block-column is-layout-flow wp-block-column-is-layout-flow" style="flex-basis:100%">
<div class="wp-block-media-text alignwide is-stacked-on-mobile is-vertically-aligned-top" style="grid-template-columns:22% auto"><figure class="wp-block-media-text__media"><img loading="lazy" decoding="async" width="300" height="293" src="https://kunstundfotografie.de/public/wp-content/uploads/2021/02/aebby_klein.jpg" alt="" class="wp-image-155 size-full"/></figure><div class="wp-block-media-text__content">
<p>Experimenteller Alltags-Fotografierer und technisches Spielkind, Kunst- und Fotografie-Liebhaber. Meine erste Fotografie machte ich 1968 &#8211; es war die ausgehende Zeit der Lichtschachtsucher, Handbelichtungsmesser und M42 Objektive. Die Gerätschaften sind moderner geworden, geblieben ist die Faszination an den Gerätschaften &#8211; hinzugekommen ist das Bewusstsein der fotografischen Subjektivität.</p>



<p>Zitat eines ungenannten Fotografen: &#8222;<em>Auch wenn an der Kamera vorne ein Objektiv montiert ist kommt hinten etwas Subjektives heraus</em>.&#8220;</p>



<p>Wenn die Subjektivität der Künstler*in einen Widerhall in der subjektiven Wahrnehmung der Betrachter*in auslöst entsteht eine Geschichte und Kunst wird zur gelungenen Kommunikation.</p>



<p><a rel="noreferrer noopener" href="https://log.aebby.de" target="_blank">log.aebby.de</a></p>
</div></div>
</div>
</div>
</div>
</div>



<p></p>


<div class="pt-cv-wrapper"><div class="pt-cv-view pt-cv-pinterest pt-cv-colsys pt-cv-shadow pt-cv-bb pt-cv-pgregular" id="pt-cv-view-af85305kom"><div data-id="pt-cv-page-1" class="pt-cv-page" data-cvc="4"><div class="col-md-3 col-sm-6 col-xs-12 pt-cv-content-item pt-cv-1-col"  data-pid="1158"><div class='pt-cv-pinmas'><a href="https://kunstundfotografie.de/public/wp-content/uploads/2022/11/stadt6.jpg" class="pt-cv-lightbox-image pt-cv-href-thumbnail pt-cv-thumb-default cvplbd" target="pt-cv-lightbox-image" ><img loading="lazy" decoding="async" width="204" height="300" src="https://kunstundfotografie.de/public/wp-content/uploads/2022/11/stadt6-204x300.jpg" class="pt-cv-thumbnail img-none skip-lazy " alt="Aebby H. / lost city" /></a></div></div>
<div class="col-md-3 col-sm-6 col-xs-12 pt-cv-content-item pt-cv-1-col"  data-pid="1059"><div class='pt-cv-pinmas'><a href="https://kunstundfotografie.de/public/wp-content/uploads/2022/06/2022_06_Eckernfoerde_Quallen_web.jpg" class="pt-cv-lightbox-image pt-cv-href-thumbnail pt-cv-thumb-default cvplbd" target="pt-cv-lightbox-image" ><img loading="lazy" decoding="async" width="300" height="300" src="https://kunstundfotografie.de/public/wp-content/uploads/2022/06/2022_06_Eckernfoerde_Quallen_web-300x300.jpg" class="pt-cv-thumbnail img-none skip-lazy " alt="Aebby H. / Selfie mit Quallen" /></a></div></div>
<div class="col-md-3 col-sm-6 col-xs-12 pt-cv-content-item pt-cv-1-col"  data-pid="791"><div class='pt-cv-pinmas'><a href="https://kunstundfotografie.de/public/wp-content/uploads/2021/03/2021.03.KW11.schleuse.1.web_.jpg" class="pt-cv-lightbox-image pt-cv-href-thumbnail pt-cv-thumb-default cvplbd" target="pt-cv-lightbox-image" ><img loading="lazy" decoding="async" width="300" height="203" src="https://kunstundfotografie.de/public/wp-content/uploads/2021/03/2021.03.KW11.schleuse.1.web_-300x203.jpg" class="pt-cv-thumbnail img-none skip-lazy " alt="Aebby H. / those who watch" /></a></div></div>
<div class="col-md-3 col-sm-6 col-xs-12 pt-cv-content-item pt-cv-1-col"  data-pid="541"><div class='pt-cv-pinmas'><a href="https://kunstundfotografie.de/public/wp-content/uploads/2021/03/2017_KW_44_Nebelfeld_web.jpg" class="pt-cv-lightbox-image pt-cv-href-thumbnail pt-cv-thumb-default cvplbd" target="pt-cv-lightbox-image" ><img loading="lazy" decoding="async" width="300" height="300" src="https://kunstundfotografie.de/public/wp-content/uploads/2021/03/2017_KW_44_Nebelfeld_web-300x300.jpg" class="pt-cv-thumbnail img-none skip-lazy " alt="Aebby H. / Nebelfeld" /></a></div></div>
<div class="col-md-3 col-sm-6 col-xs-12 pt-cv-content-item pt-cv-1-col"  data-pid="528"><div class='pt-cv-pinmas'><a href="https://kunstundfotografie.de/public/wp-content/uploads/2021/03/2018_08_KW_31_1_anybody_out_there_web.jpg" class="pt-cv-lightbox-image pt-cv-href-thumbnail pt-cv-thumb-default cvplbd" target="pt-cv-lightbox-image" ><img loading="lazy" decoding="async" width="300" height="300" src="https://kunstundfotografie.de/public/wp-content/uploads/2021/03/2018_08_KW_31_1_anybody_out_there_web-300x300.jpg" class="pt-cv-thumbnail img-none skip-lazy " alt="Aebby H. / anybody out there?" /></a></div></div>
<div class="col-md-3 col-sm-6 col-xs-12 pt-cv-content-item pt-cv-1-col"  data-pid="367"><div class='pt-cv-pinmas'><a href="https://kunstundfotografie.de/public/wp-content/uploads/2021/03/2010_treppen_farbenspiel.jpg" class="pt-cv-lightbox-image pt-cv-href-thumbnail pt-cv-thumb-default cvplbd" target="pt-cv-lightbox-image" ><img loading="lazy" decoding="async" width="300" height="300" src="https://kunstundfotografie.de/public/wp-content/uploads/2021/03/2010_treppen_farbenspiel-300x300.jpg" class="pt-cv-thumbnail img-none skip-lazy " alt="Aebby H. / Schattenspiel" /></a></div></div>
<div class="col-md-3 col-sm-6 col-xs-12 pt-cv-content-item pt-cv-1-col"  data-pid="361"><div class='pt-cv-pinmas'><a href="https://kunstundfotografie.de/public/wp-content/uploads/2021/03/morpheus.jpg" class="pt-cv-lightbox-image pt-cv-href-thumbnail pt-cv-thumb-default cvplbd" target="pt-cv-lightbox-image" ><img loading="lazy" decoding="async" width="300" height="200" src="https://kunstundfotografie.de/public/wp-content/uploads/2021/03/morpheus-300x200.jpg" class="pt-cv-thumbnail img-none skip-lazy " alt="Aebby H. / Morpheus" /></a></div></div>
<div class="col-md-3 col-sm-6 col-xs-12 pt-cv-content-item pt-cv-1-col"  data-pid="245"><div class='pt-cv-pinmas'><a href="https://kunstundfotografie.de/public/wp-content/uploads/2021/03/2021.02.26-Aebby-Gedankenfetzen.jpg" class="pt-cv-lightbox-image pt-cv-href-thumbnail pt-cv-thumb-default cvplbd" target="pt-cv-lightbox-image" ><img loading="lazy" decoding="async" width="300" height="300" src="https://kunstundfotografie.de/public/wp-content/uploads/2021/03/2021.02.26-Aebby-Gedankenfetzen-300x300.jpg" class="pt-cv-thumbnail img-none skip-lazy " alt="Aebby H. / Gedankenfetzen" /></a></div></div>
<div class="col-md-3 col-sm-6 col-xs-12 pt-cv-content-item pt-cv-1-col"  data-pid="241"><div class='pt-cv-pinmas'><a href="https://kunstundfotografie.de/public/wp-content/uploads/2021/03/2021.02.26-Aebby-Haiku-Zeitgang-rastlose-Weite-endlose-Tiefe-grundlos-Zeitgang-weist-den-Weg.jpg" class="pt-cv-lightbox-image pt-cv-href-thumbnail pt-cv-thumb-default cvplbd" target="pt-cv-lightbox-image" ><img loading="lazy" decoding="async" width="300" height="216" src="https://kunstundfotografie.de/public/wp-content/uploads/2021/03/2021.02.26-Aebby-Haiku-Zeitgang-rastlose-Weite-endlose-Tiefe-grundlos-Zeitgang-weist-den-Weg-300x216.jpg" class="pt-cv-thumbnail img-none skip-lazy " alt="Aebby H. / Zeitgang" /></a></div></div>
<div class="col-md-3 col-sm-6 col-xs-12 pt-cv-content-item pt-cv-1-col"  data-pid="239"><div class='pt-cv-pinmas'><a href="https://kunstundfotografie.de/public/wp-content/uploads/2021/02/2020.12.12-Aebby-Fluechtigkeit-eines-Moments.jpg" class="pt-cv-lightbox-image pt-cv-href-thumbnail pt-cv-thumb-default cvplbd" target="pt-cv-lightbox-image" ><img loading="lazy" decoding="async" width="300" height="300" src="https://kunstundfotografie.de/public/wp-content/uploads/2021/02/2020.12.12-Aebby-Fluechtigkeit-eines-Moments-300x300.jpg" class="pt-cv-thumbnail img-none skip-lazy " alt="Aebby H. / Flüchtigkeit des Moments" /></a></div></div></div></div></div>			<style type="text/css" id="pt-cv-inline-style-bb47b5b6mb">#pt-cv-view-af85305kom .pt-cv-title a, #pt-cv-view-af85305kom  .panel-title { font-weight: 600 !important; }
#pt-cv-view-af85305kom .pt-cv-readmore  { color: #ffffff !important; background-color: #00aeef !important; }
#pt-cv-view-af85305kom .pt-cv-readmore:hover  { color: #ffffff !important; background-color: #00aeef !important; }
#pt-cv-view-af85305kom  + .pt-cv-pagination-wrapper .pt-cv-more , #pt-cv-view-af85305kom  + .pt-cv-pagination-wrapper .pagination .active a, .pt-cv-pagination[data-sid='af85305kom'] .active a { color: #ffffff !important; background-color: #00aeef !important; }</style>

<p>Experimenteller Alltags-Fotografierer und technisches Spielkind, Kunst- und Fotografie-Liebhaber. Meine erste Fotografie machte ich 1968 &#8211; es war die ausgehende Zeit der Lichtschachtsucher, Handbelichtungsmesser und M42 Objektive. Die Gerätschaften sind moderner geworden, geblieben ist die Faszination an den Gerätschaften &#8211; hinzugekommen ist das Bewusstsein der fotografischen Subjektivität. Zitat eines ungenannten Fotografen: &#8222;Auch wenn an der Kamera &#8230;</p>
