{"id":271,"date":"2021-03-02T08:04:04","date_gmt":"2021-03-02T07:04:04","guid":{"rendered":"https:\/\/kunstundfotografie.de\/public\/?page_id=271"},"modified":"2024-03-21T21:59:23","modified_gmt":"2024-03-21T20:59:23","slug":"loge-2020-und-koenstlerlinge","status":"publish","type":"page","link":"https:\/\/kunstundfotografie.de\/public\/loge-2020-und-koenstlerlinge\/","title":{"rendered":"Loge 2020 \/ K\u00fcnstlerinnen"},"content":{"rendered":"\n<p>Die Loge 2020 ist eine Gruppe Kunst liebender Menschen, die nicht ausschlie\u00dflich aber dennoch h\u00e4ufig der Fotografie zugetan sind.<\/p>\n\n\n\n<div class=\"wp-block-media-text is-stacked-on-mobile is-vertically-aligned-top\" style=\"grid-template-columns:18% auto\"><figure class=\"wp-block-media-text__media\"><a href=\"https:\/\/kunstundfotografie.de\/public\/steffen-drache\/\"><img loading=\"lazy\" decoding=\"async\" width=\"354\" height=\"354\" src=\"https:\/\/kunstundfotografie.de\/public\/wp-content\/uploads\/2021\/03\/steffen.jpg\" alt=\"\" class=\"wp-image-330 size-full\" srcset=\"https:\/\/kunstundfotografie.de\/public\/wp-content\/uploads\/2021\/03\/steffen.jpg 354w, https:\/\/kunstundfotografie.de\/public\/wp-content\/uploads\/2021\/03\/steffen-300x300.jpg 300w, https:\/\/kunstundfotografie.de\/public\/wp-content\/uploads\/2021\/03\/steffen-150x150.jpg 150w\" sizes=\"auto, (max-width: 354px) 100vw, 354px\" \/><\/a><\/figure><div class=\"wp-block-media-text__content\">\n<p>Steffen Drache &#8211; das Licht der Welt erblickte Steffen im Jahre 1972 in Dresden, wo er auch heute lebt. Meistens jedenfalls, nicht selten ist er in Bremen anzutreffen&nbsp; &#8230; <a href=\"https:\/\/kunstundfotografie.de\/public\/steffen-drache\/\">weiterlesen<\/a><\/p>\n<\/div><\/div>\n\n\n\n<hr class=\"wp-block-separator has-alpha-channel-opacity\"\/>\n\n\n\n<div class=\"wp-block-media-text is-stacked-on-mobile\" style=\"grid-template-columns:18% auto\"><figure class=\"wp-block-media-text__media\"><a href=\"https:\/\/kunstundfotografie.de\/public\/kata-maler\/\"><img loading=\"lazy\" decoding=\"async\" width=\"300\" height=\"300\" src=\"https:\/\/kunstundfotografie.de\/public\/wp-content\/uploads\/2021\/03\/IMG_2227-300.jpg\" alt=\"\" class=\"wp-image-642 size-full\" srcset=\"https:\/\/kunstundfotografie.de\/public\/wp-content\/uploads\/2021\/03\/IMG_2227-300.jpg 300w, https:\/\/kunstundfotografie.de\/public\/wp-content\/uploads\/2021\/03\/IMG_2227-300-150x150.jpg 150w\" sizes=\"auto, (max-width: 300px) 100vw, 300px\" \/><\/a><\/figure><div class=\"wp-block-media-text__content\">\n<p>Kata Maler, geb. 1976 in Dresden und seit 2003 in Bremen lebend, arbeitet rund um die Kamera \u2013 dahinter, davor, experimentell, digital und analog, in stehenden und bewegten Bildern. &#8230; <a href=\"https:\/\/kunstundfotografie.de\/public\/kata-maler\/\">weiterlesen<\/a><\/p>\n<\/div><\/div>\n\n\n\n<hr class=\"wp-block-separator has-alpha-channel-opacity\"\/>\n\n\n\n<div class=\"wp-block-media-text is-stacked-on-mobile is-vertically-aligned-top\" style=\"grid-template-columns:18% auto\"><figure class=\"wp-block-media-text__media\"><a href=\"https:\/\/kunstundfotografie.de\/public\/aebby-h\/\"><img loading=\"lazy\" decoding=\"async\" width=\"300\" height=\"293\" src=\"https:\/\/kunstundfotografie.de\/public\/wp-content\/uploads\/2021\/02\/aebby_klein.jpg\" alt=\"\" class=\"wp-image-155 size-full\"\/><\/a><\/figure><div class=\"wp-block-media-text__content\">\n<p>Aebby H. &#8211; Experimenteller Alltags-Fotografierer und technisches Spielkind &#8230; <a href=\"https:\/\/kunstundfotografie.de\/public\/aebby-h\/\">weiterlesen<\/a><\/p>\n<\/div><\/div>\n\n\n\n<hr class=\"wp-block-separator has-alpha-channel-opacity\"\/>\n\n\n\n<div class=\"wp-block-media-text is-stacked-on-mobile is-vertically-aligned-top\" style=\"grid-template-columns:18% auto\"><figure class=\"wp-block-media-text__media\"><a href=\"https:\/\/kunstundfotografie.de\/public\/jim-zimmermann\/?_page=2\"><img loading=\"lazy\" decoding=\"async\" width=\"500\" height=\"500\" src=\"https:\/\/kunstundfotografie.de\/public\/wp-content\/uploads\/2021\/03\/2011_Jim-10-Marmorsaal-Mrz11.jpg\" alt=\"\" class=\"wp-image-393 size-full\" srcset=\"https:\/\/kunstundfotografie.de\/public\/wp-content\/uploads\/2021\/03\/2011_Jim-10-Marmorsaal-Mrz11.jpg 500w, https:\/\/kunstundfotografie.de\/public\/wp-content\/uploads\/2021\/03\/2011_Jim-10-Marmorsaal-Mrz11-300x300.jpg 300w, https:\/\/kunstundfotografie.de\/public\/wp-content\/uploads\/2021\/03\/2011_Jim-10-Marmorsaal-Mrz11-150x150.jpg 150w\" sizes=\"auto, (max-width: 500px) 100vw, 500px\" \/><\/a><\/figure><div class=\"wp-block-media-text__content\">\n<p>Mit der h\u00f6chstm\u00f6glichen Beschr\u00e4nkung auf das Minimum treibt er schwerelos und unerkl\u00e4rlich zwischen Mond und Erde und h\u00e4lt Ausschau nach Geschehen. Er wartet. Stunden, Tage Wochen, Monate, Jahre, Jahrzehnte &#8230; <a href=\"https:\/\/kunstundfotografie.de\/public\/jim-zimmermann\/\">weiterlesen<\/a><\/p>\n<\/div><\/div>\n\n\n\n<p><\/p>\n","protected":false},"excerpt":{"rendered":"<p>Die Loge 2020 ist eine Gruppe Kunst liebender Menschen, die nicht ausschlie\u00dflich aber dennoch h\u00e4ufig der Fotografie zugetan sind. Steffen Drache &#8211; das Licht der Welt erblickte Steffen im Jahre 1972 in Dresden, wo er auch heute lebt. Meistens jedenfalls, nicht selten ist er in Bremen anzutreffen&nbsp; &#8230; weiterlesen Kata Maler, geb. 1976 in Dresden &#8230;<\/p>\n","protected":false},"author":1,"featured_media":0,"parent":0,"menu_order":0,"comment_status":"closed","ping_status":"closed","template":"templates\/fullwidth.php","meta":{"footnotes":""},"class_list":["post-271","page","type-page","status-publish","hentry"],"_links":{"self":[{"href":"https:\/\/kunstundfotografie.de\/public\/wp-json\/wp\/v2\/pages\/271","targetHints":{"allow":["GET"]}}],"collection":[{"href":"https:\/\/kunstundfotografie.de\/public\/wp-json\/wp\/v2\/pages"}],"about":[{"href":"https:\/\/kunstundfotografie.de\/public\/wp-json\/wp\/v2\/types\/page"}],"author":[{"embeddable":true,"href":"https:\/\/kunstundfotografie.de\/public\/wp-json\/wp\/v2\/users\/1"}],"replies":[{"embeddable":true,"href":"https:\/\/kunstundfotografie.de\/public\/wp-json\/wp\/v2\/comments?post=271"}],"version-history":[{"count":61,"href":"https:\/\/kunstundfotografie.de\/public\/wp-json\/wp\/v2\/pages\/271\/revisions"}],"predecessor-version":[{"id":1252,"href":"https:\/\/kunstundfotografie.de\/public\/wp-json\/wp\/v2\/pages\/271\/revisions\/1252"}],"wp:attachment":[{"href":"https:\/\/kunstundfotografie.de\/public\/wp-json\/wp\/v2\/media?parent=271"}],"curies":[{"name":"wp","href":"https:\/\/api.w.org\/{rel}","templated":true}]}}

Loge 2020 / Künstlerinnen

<p>Die Loge 2020 ist eine Gruppe Kunst liebender Menschen, die nicht ausschließlich aber dennoch häufig der Fotografie zugetan sind.</p>



<div class="wp-block-media-text is-stacked-on-mobile is-vertically-aligned-top" style="grid-template-columns:18% auto"><figure class="wp-block-media-text__media"><a href="https://kunstundfotografie.de/public/steffen-drache/"><img loading="lazy" decoding="async" width="354" height="354" src="https://kunstundfotografie.de/public/wp-content/uploads/2021/03/steffen.jpg" alt="" class="wp-image-330 size-full" srcset="https://kunstundfotografie.de/public/wp-content/uploads/2021/03/steffen.jpg 354w, https://kunstundfotografie.de/public/wp-content/uploads/2021/03/steffen-300x300.jpg 300w, https://kunstundfotografie.de/public/wp-content/uploads/2021/03/steffen-150x150.jpg 150w" sizes="auto, (max-width: 354px) 100vw, 354px" /></a></figure><div class="wp-block-media-text__content">
<p>Steffen Drache &#8211; das Licht der Welt erblickte Steffen im Jahre 1972 in Dresden, wo er auch heute lebt. Meistens jedenfalls, nicht selten ist er in Bremen anzutreffen&nbsp; &#8230; <a href="https://kunstundfotografie.de/public/steffen-drache/">weiterlesen</a></p>
</div></div>



<hr class="wp-block-separator has-alpha-channel-opacity"/>



<div class="wp-block-media-text is-stacked-on-mobile" style="grid-template-columns:18% auto"><figure class="wp-block-media-text__media"><a href="https://kunstundfotografie.de/public/kata-maler/"><img loading="lazy" decoding="async" width="300" height="300" src="https://kunstundfotografie.de/public/wp-content/uploads/2021/03/IMG_2227-300.jpg" alt="" class="wp-image-642 size-full" srcset="https://kunstundfotografie.de/public/wp-content/uploads/2021/03/IMG_2227-300.jpg 300w, https://kunstundfotografie.de/public/wp-content/uploads/2021/03/IMG_2227-300-150x150.jpg 150w" sizes="auto, (max-width: 300px) 100vw, 300px" /></a></figure><div class="wp-block-media-text__content">
<p>Kata Maler, geb. 1976 in Dresden und seit 2003 in Bremen lebend, arbeitet rund um die Kamera – dahinter, davor, experimentell, digital und analog, in stehenden und bewegten Bildern. &#8230; <a href="https://kunstundfotografie.de/public/kata-maler/">weiterlesen</a></p>
</div></div>



<hr class="wp-block-separator has-alpha-channel-opacity"/>



<div class="wp-block-media-text is-stacked-on-mobile is-vertically-aligned-top" style="grid-template-columns:18% auto"><figure class="wp-block-media-text__media"><a href="https://kunstundfotografie.de/public/aebby-h/"><img loading="lazy" decoding="async" width="300" height="293" src="https://kunstundfotografie.de/public/wp-content/uploads/2021/02/aebby_klein.jpg" alt="" class="wp-image-155 size-full"/></a></figure><div class="wp-block-media-text__content">
<p>Aebby H. &#8211; Experimenteller Alltags-Fotografierer und technisches Spielkind &#8230; <a href="https://kunstundfotografie.de/public/aebby-h/">weiterlesen</a></p>
</div></div>



<hr class="wp-block-separator has-alpha-channel-opacity"/>



<div class="wp-block-media-text is-stacked-on-mobile is-vertically-aligned-top" style="grid-template-columns:18% auto"><figure class="wp-block-media-text__media"><a href="https://kunstundfotografie.de/public/jim-zimmermann/?_page=2"><img loading="lazy" decoding="async" width="500" height="500" src="https://kunstundfotografie.de/public/wp-content/uploads/2021/03/2011_Jim-10-Marmorsaal-Mrz11.jpg" alt="" class="wp-image-393 size-full" srcset="https://kunstundfotografie.de/public/wp-content/uploads/2021/03/2011_Jim-10-Marmorsaal-Mrz11.jpg 500w, https://kunstundfotografie.de/public/wp-content/uploads/2021/03/2011_Jim-10-Marmorsaal-Mrz11-300x300.jpg 300w, https://kunstundfotografie.de/public/wp-content/uploads/2021/03/2011_Jim-10-Marmorsaal-Mrz11-150x150.jpg 150w" sizes="auto, (max-width: 500px) 100vw, 500px" /></a></figure><div class="wp-block-media-text__content">
<p>Mit der höchstmöglichen Beschränkung auf das Minimum treibt er schwerelos und unerklärlich zwischen Mond und Erde und hält Ausschau nach Geschehen. Er wartet. Stunden, Tage Wochen, Monate, Jahre, Jahrzehnte &#8230; <a href="https://kunstundfotografie.de/public/jim-zimmermann/">weiterlesen</a></p>
</div></div>



<p></p>

<p>Die Loge 2020 ist eine Gruppe Kunst liebender Menschen, die nicht ausschließlich aber dennoch häufig der Fotografie zugetan sind. Steffen Drache &#8211; das Licht der Welt erblickte Steffen im Jahre 1972 in Dresden, wo er auch heute lebt. Meistens jedenfalls, nicht selten ist er in Bremen anzutreffen&nbsp; &#8230; weiterlesen Kata Maler, geb. 1976 in Dresden &#8230;</p>
