{"id":286,"date":"2021-03-02T08:19:23","date_gmt":"2021-03-02T07:19:23","guid":{"rendered":"https:\/\/kunstundfotografie.de\/public\/?page_id=286"},"modified":"2024-03-17T12:20:09","modified_gmt":"2024-03-17T11:20:09","slug":"kata-maler","status":"publish","type":"page","link":"https:\/\/kunstundfotografie.de\/public\/kata-maler\/","title":{"rendered":"Kata Maler"},"content":{"rendered":"\n<div class=\"wp-block-media-text alignwide is-stacked-on-mobile is-vertically-aligned-top\" style=\"grid-template-columns:30% auto\"><figure class=\"wp-block-media-text__media\"><img loading=\"lazy\" decoding=\"async\" width=\"300\" height=\"300\" src=\"https:\/\/kunstundfotografie.de\/public\/wp-content\/uploads\/2021\/03\/IMG_2227-300.jpg\" alt=\"\" class=\"wp-image-642 size-full\" srcset=\"https:\/\/kunstundfotografie.de\/public\/wp-content\/uploads\/2021\/03\/IMG_2227-300.jpg 300w, https:\/\/kunstundfotografie.de\/public\/wp-content\/uploads\/2021\/03\/IMG_2227-300-150x150.jpg 150w\" sizes=\"auto, (max-width: 300px) 100vw, 300px\" \/><\/figure><div class=\"wp-block-media-text__content\">\n<p>Kata Maler, geb. 1976 in Dresden und seit 2003 in Bremen lebend, arbeitet rund um die Kamera \u2013 dahinter, davor, experimentell, digital und analog, in stehenden und bewegten Bildern. Sie lebt in Bremen fotografiert Menschen, Landschaften, Stillleben und in szenischen Portraits eine Synthese der genannten Sujets. Sp\u00e4testens wenn die Menschen in Ihren Bildern Masken tragen, verschwimmen die Grenzen der Sujets endg\u00fcltig. Ihr Wohnort ist ganz bewusst erw\u00e4hnt, weil die neblige, manchmal melancholische Stimmung der K\u00fcnstlerin in einigen ihrer Bilder aufscheint. \u00c4hnlich wie Nebel die Landschaft verh\u00fcllen kann, liegt aber ihren Bildern gelegentlich ein Schleier, einerseits explizit als Element der Gestaltung, andererseits implizit im Sinne halb versteckter Bedeutungsebenen.<\/p>\n\n\n\n<p><a href=\"http:\/\/www.finissage.de\">www.finissage.de<\/a><\/p>\n<\/div><\/div>\n\n\n\n<p><\/p>\n\n\n<div class=\"pt-cv-wrapper\"><div class=\"pt-cv-view pt-cv-pinterest pt-cv-colsys pt-cv-shadow pt-cv-bb pt-cv-pgregular\" id=\"pt-cv-view-d1750643wl\"><div data-id=\"pt-cv-page-1\" class=\"pt-cv-page\" data-cvc=\"4\"><div class=\"col-md-3 col-sm-6 col-xs-12 pt-cv-content-item pt-cv-1-col\"  data-pid=\"1125\"><div class='pt-cv-pinmas'><a href=\"https:\/\/kunstundfotografie.de\/public\/wp-content\/uploads\/2022\/10\/IMG_9837_lo-1024x745.jpg\" class=\"pt-cv-lightbox-image pt-cv-href-thumbnail pt-cv-thumb-default cvplbd\" target=\"pt-cv-lightbox-image\" ><img decoding=\"async\" width=\"300\" src=\"https:\/\/kunstundfotografie.de\/public\/wp-content\/uploads\/2022\/10\/IMG_9837_lo-1024x745.jpg\" class=\"pt-cv-thumbnail img-none cvp-substitute skip-lazy \" alt=\"\" title=\"\" \/><\/a><\/div><\/div>\n<div class=\"col-md-3 col-sm-6 col-xs-12 pt-cv-content-item pt-cv-1-col\"  data-pid=\"1122\"><div class='pt-cv-pinmas'><a href=\"https:\/\/kunstundfotografie.de\/public\/wp-content\/uploads\/2022\/10\/IMG_9972_lo-1024x745.jpg\" class=\"pt-cv-lightbox-image pt-cv-href-thumbnail pt-cv-thumb-default cvplbd\" target=\"pt-cv-lightbox-image\" ><img decoding=\"async\" width=\"300\" src=\"https:\/\/kunstundfotografie.de\/public\/wp-content\/uploads\/2022\/10\/IMG_9972_lo-1024x745.jpg\" class=\"pt-cv-thumbnail img-none cvp-substitute skip-lazy \" alt=\"\" title=\"\" \/><\/a><\/div><\/div>\n<div class=\"col-md-3 col-sm-6 col-xs-12 pt-cv-content-item pt-cv-1-col\"  data-pid=\"1119\"><div class='pt-cv-pinmas'><a href=\"https:\/\/kunstundfotografie.de\/public\/wp-content\/uploads\/2022\/10\/IMG_9840_lo-1024x745.jpg\" class=\"pt-cv-lightbox-image pt-cv-href-thumbnail pt-cv-thumb-default cvplbd\" target=\"pt-cv-lightbox-image\" ><img decoding=\"async\" width=\"300\" src=\"https:\/\/kunstundfotografie.de\/public\/wp-content\/uploads\/2022\/10\/IMG_9840_lo-1024x745.jpg\" class=\"pt-cv-thumbnail img-none cvp-substitute skip-lazy \" alt=\"\" title=\"\" \/><\/a><\/div><\/div>\n<div class=\"col-md-3 col-sm-6 col-xs-12 pt-cv-content-item pt-cv-1-col\"  data-pid=\"1108\"><div class='pt-cv-pinmas'><a href=\"https:\/\/kunstundfotografie.de\/public\/wp-content\/uploads\/2022\/10\/IMG_0191_lo-1024x815.jpg\" class=\"pt-cv-lightbox-image pt-cv-href-thumbnail pt-cv-thumb-default cvplbd\" target=\"pt-cv-lightbox-image\" ><img decoding=\"async\" width=\"300\" src=\"https:\/\/kunstundfotografie.de\/public\/wp-content\/uploads\/2022\/10\/IMG_0191_lo-1024x815.jpg\" class=\"pt-cv-thumbnail img-none cvp-substitute skip-lazy \" alt=\"\" title=\"\" \/><\/a><\/div><\/div>\n<div class=\"col-md-3 col-sm-6 col-xs-12 pt-cv-content-item pt-cv-1-col\"  data-pid=\"1105\"><div class='pt-cv-pinmas'><a href=\"https:\/\/kunstundfotografie.de\/public\/wp-content\/uploads\/2022\/10\/IMG_7012II_lo-1024x815.jpg\" class=\"pt-cv-lightbox-image pt-cv-href-thumbnail pt-cv-thumb-default cvplbd\" target=\"pt-cv-lightbox-image\" ><img decoding=\"async\" width=\"300\" src=\"https:\/\/kunstundfotografie.de\/public\/wp-content\/uploads\/2022\/10\/IMG_7012II_lo-1024x815.jpg\" class=\"pt-cv-thumbnail img-none cvp-substitute skip-lazy \" alt=\"\" title=\"\" \/><\/a><\/div><\/div>\n<div class=\"col-md-3 col-sm-6 col-xs-12 pt-cv-content-item pt-cv-1-col\"  data-pid=\"1102\"><div class='pt-cv-pinmas'><a href=\"https:\/\/kunstundfotografie.de\/public\/wp-content\/uploads\/2022\/10\/IMG_6103II_lo-1024x745.jpg\" class=\"pt-cv-lightbox-image pt-cv-href-thumbnail pt-cv-thumb-default cvplbd\" target=\"pt-cv-lightbox-image\" ><img decoding=\"async\" width=\"300\" src=\"https:\/\/kunstundfotografie.de\/public\/wp-content\/uploads\/2022\/10\/IMG_6103II_lo-1024x745.jpg\" class=\"pt-cv-thumbnail img-none cvp-substitute skip-lazy \" alt=\"\" title=\"\" \/><\/a><\/div><\/div>\n<div class=\"col-md-3 col-sm-6 col-xs-12 pt-cv-content-item pt-cv-1-col\"  data-pid=\"1099\"><div class='pt-cv-pinmas'><a href=\"https:\/\/kunstundfotografie.de\/public\/wp-content\/uploads\/2022\/10\/IMG_5228_lo-745x1024.jpg\" class=\"pt-cv-lightbox-image pt-cv-href-thumbnail pt-cv-thumb-default cvplbd\" target=\"pt-cv-lightbox-image\" ><img decoding=\"async\" width=\"300\" src=\"https:\/\/kunstundfotografie.de\/public\/wp-content\/uploads\/2022\/10\/IMG_5228_lo-745x1024.jpg\" class=\"pt-cv-thumbnail img-none cvp-substitute skip-lazy \" alt=\"\" title=\"\" \/><\/a><\/div><\/div>\n<div class=\"col-md-3 col-sm-6 col-xs-12 pt-cv-content-item pt-cv-1-col\"  data-pid=\"1096\"><div class='pt-cv-pinmas'><a href=\"https:\/\/kunstundfotografie.de\/public\/wp-content\/uploads\/2022\/10\/IMG_5154-2_lo-745x1024.jpg\" class=\"pt-cv-lightbox-image pt-cv-href-thumbnail pt-cv-thumb-default cvplbd\" target=\"pt-cv-lightbox-image\" ><img decoding=\"async\" width=\"300\" src=\"https:\/\/kunstundfotografie.de\/public\/wp-content\/uploads\/2022\/10\/IMG_5154-2_lo-745x1024.jpg\" class=\"pt-cv-thumbnail img-none cvp-substitute skip-lazy \" alt=\"\" title=\"\" \/><\/a><\/div><\/div>\n<div class=\"col-md-3 col-sm-6 col-xs-12 pt-cv-content-item pt-cv-1-col\"  data-pid=\"1093\"><div class='pt-cv-pinmas'><a href=\"https:\/\/kunstundfotografie.de\/public\/wp-content\/uploads\/2022\/10\/IMG_7049_loi-745x1024.jpg\" class=\"pt-cv-lightbox-image pt-cv-href-thumbnail pt-cv-thumb-default cvplbd\" target=\"pt-cv-lightbox-image\" ><img decoding=\"async\" width=\"300\" src=\"https:\/\/kunstundfotografie.de\/public\/wp-content\/uploads\/2022\/10\/IMG_7049_loi-745x1024.jpg\" class=\"pt-cv-thumbnail img-none cvp-substitute skip-lazy \" alt=\"\" title=\"\" \/><\/a><\/div><\/div>\n<div class=\"col-md-3 col-sm-6 col-xs-12 pt-cv-content-item pt-cv-1-col\"  data-pid=\"1090\"><div class='pt-cv-pinmas'><a href=\"https:\/\/kunstundfotografie.de\/public\/wp-content\/uploads\/2022\/10\/IMG_10963_lo-857x1024.jpg\" class=\"pt-cv-lightbox-image pt-cv-href-thumbnail pt-cv-thumb-default cvplbd\" target=\"pt-cv-lightbox-image\" ><img decoding=\"async\" width=\"300\" src=\"https:\/\/kunstundfotografie.de\/public\/wp-content\/uploads\/2022\/10\/IMG_10963_lo-857x1024.jpg\" class=\"pt-cv-thumbnail img-none cvp-substitute skip-lazy \" alt=\"\" title=\"\" \/><\/a><\/div><\/div>\n<div class=\"col-md-3 col-sm-6 col-xs-12 pt-cv-content-item pt-cv-1-col\"  data-pid=\"1087\"><div class='pt-cv-pinmas'><a href=\"https:\/\/kunstundfotografie.de\/public\/wp-content\/uploads\/2022\/10\/IMG_9781_lo-1024x745.jpg\" class=\"pt-cv-lightbox-image pt-cv-href-thumbnail pt-cv-thumb-default cvplbd\" target=\"pt-cv-lightbox-image\" ><img decoding=\"async\" width=\"300\" src=\"https:\/\/kunstundfotografie.de\/public\/wp-content\/uploads\/2022\/10\/IMG_9781_lo-1024x745.jpg\" class=\"pt-cv-thumbnail img-none cvp-substitute skip-lazy \" alt=\"Ein Rabe in der Nordsee III\" title=\"\" \/><\/a><\/div><\/div>\n<div class=\"col-md-3 col-sm-6 col-xs-12 pt-cv-content-item pt-cv-1-col\"  data-pid=\"1084\"><div class='pt-cv-pinmas'><a href=\"https:\/\/kunstundfotografie.de\/public\/wp-content\/uploads\/2022\/10\/IMG_9804_lo-1024x745.jpg\" class=\"pt-cv-lightbox-image pt-cv-href-thumbnail pt-cv-thumb-default cvplbd\" target=\"pt-cv-lightbox-image\" ><img decoding=\"async\" width=\"300\" src=\"https:\/\/kunstundfotografie.de\/public\/wp-content\/uploads\/2022\/10\/IMG_9804_lo-1024x745.jpg\" class=\"pt-cv-thumbnail img-none cvp-substitute skip-lazy \" alt=\"Ein Rabe in der Nordsee II\" title=\"\" \/><\/a><\/div><\/div><\/div><\/div>\n<div class=\"text-left pt-cv-pagination-wrapper\"><ul class=\"pt-cv-pagination pt-cv-ajax pagination\" data-totalpages=\"5\" data-currentpage=\"1\" data-sid=\"d1750643wl\" data-unid=\"\" data-isblock=\"\" data-postid=\"\"><li class=\"active\"><a href=\"#\">1<\/a><\/li>\n\t<li ><a class=\"\" href=\"https:\/\/kunstundfotografie.de\/public\/wp-json\/wp\/v2\/pages\/286\/?_page=2\">2<\/a><\/li>\n\t<li ><a class=\"\" href=\"https:\/\/kunstundfotografie.de\/public\/wp-json\/wp\/v2\/pages\/286\/?_page=3\">3<\/a><\/li>\n\t<li ><a href=\"#\">&hellip;<\/a><\/li>\n\t<li ><a class=\"\" href=\"https:\/\/kunstundfotografie.de\/public\/wp-json\/wp\/v2\/pages\/286\/?_page=5\">5<\/a><\/li>\n\t<li ><a class=\" \" href=\"https:\/\/kunstundfotografie.de\/public\/wp-json\/wp\/v2\/pages\/286\/?_page=2\">&rsaquo;<\/a><\/li>\n\t<\/ul><img loading=\"lazy\" decoding=\"async\" width=\"15\" height=\"15\" class=\"pt-cv-spinner\" alt=\"Wird geladen\u00a0\u2026\" src=\"data:image\/gif;base64,R0lGODlhDwAPALMPAMrKygwMDJOTkz09PZWVla+vr3p6euTk5M7OzuXl5TMzMwAAAJmZmWZmZszMzP\/\/\/yH\/C05FVFNDQVBFMi4wAwEAAAAh+QQFCgAPACwAAAAADwAPAAAEQvDJaZaZOIcV8iQK8VRX4iTYoAwZ4iCYoAjZ4RxejhVNoT+mRGP4cyF4Pp0N98sBGIBMEMOotl6YZ3S61Bmbkm4mAgAh+QQFCgAPACwAAAAADQANAAAENPDJSRSZeA418itN8QiK8BiLITVsFiyBBIoYqnoewAD4xPw9iY4XLGYSjkQR4UAUD45DLwIAIfkEBQoADwAsAAAAAA8ACQAABC\/wyVlamTi3nSdgwFNdhEJgTJoNyoB9ISYoQmdjiZPcj7EYCAeCF1gEDo4Dz2eIAAAh+QQFCgAPACwCAAAADQANAAAEM\/DJBxiYeLKdX3IJZT1FU0iIg2RNKx3OkZVnZ98ToRD4MyiDnkAh6BkNC0MvsAj0kMpHBAAh+QQFCgAPACwGAAAACQAPAAAEMDC59KpFDll73HkAA2wVY5KgiK5b0RRoI6MuzG6EQqCDMlSGheEhUAgqgUUAFRySIgAh+QQFCgAPACwCAAIADQANAAAEM\/DJKZNLND\/kkKaHc3xk+QAMYDKsiaqmZCxGVjSFFCxB1vwy2oOgIDxuucxAMTAJFAJNBAAh+QQFCgAPACwAAAYADwAJAAAEMNAs86q1yaWwwv2Ig0jUZx3OYa4XoRAfwADXoAwfo1+CIjyFRuEho60aSNYlOPxEAAAh+QQFCgAPACwAAAIADQANAAAENPA9s4y8+IUVcqaWJ4qEQozSoAzoIyhCK2NFU2SJk0hNnyEOhKR2AzAAj4Pj4GE4W0bkJQIAOw==\" \/><div class=\"clear pt-cv-clear-pagination\"><\/div><\/div><\/div>\t\t\t<style type=\"text\/css\" id=\"pt-cv-inline-style-089190f7qp\">#pt-cv-view-d1750643wl .pt-cv-title a, #pt-cv-view-d1750643wl  .panel-title { font-weight: 600 !important; }\n#pt-cv-view-d1750643wl .pt-cv-readmore  { color: #ffffff !important; background-color: #00aeef !important; }\n#pt-cv-view-d1750643wl .pt-cv-readmore:hover  { color: #ffffff !important; background-color: #00aeef !important; }\n#pt-cv-view-d1750643wl  + .pt-cv-pagination-wrapper .pt-cv-more , #pt-cv-view-d1750643wl  + .pt-cv-pagination-wrapper .pagination .active a, .pt-cv-pagination[data-sid='d1750643wl'] .active a { color: #ffffff !important; background-color: #00aeef !important; }<\/style>\r\n\t\t\t\n","protected":false},"excerpt":{"rendered":"<p>Kata Maler, geb. 1976 in Dresden und seit 2003 in Bremen lebend, arbeitet rund um die Kamera \u2013 dahinter, davor, experimentell, digital und analog, in stehenden und bewegten Bildern. Sie lebt in Bremen fotografiert Menschen, Landschaften, Stillleben und in szenischen Portraits eine Synthese der genannten Sujets. Sp\u00e4testens wenn die Menschen in Ihren Bildern Masken tragen, &#8230;<\/p>\n","protected":false},"author":1,"featured_media":0,"parent":0,"menu_order":0,"comment_status":"closed","ping_status":"closed","template":"elementor_header_footer","meta":{"footnotes":""},"class_list":["post-286","page","type-page","status-publish","hentry"],"_links":{"self":[{"href":"https:\/\/kunstundfotografie.de\/public\/wp-json\/wp\/v2\/pages\/286","targetHints":{"allow":["GET"]}}],"collection":[{"href":"https:\/\/kunstundfotografie.de\/public\/wp-json\/wp\/v2\/pages"}],"about":[{"href":"https:\/\/kunstundfotografie.de\/public\/wp-json\/wp\/v2\/types\/page"}],"author":[{"embeddable":true,"href":"https:\/\/kunstundfotografie.de\/public\/wp-json\/wp\/v2\/users\/1"}],"replies":[{"embeddable":true,"href":"https:\/\/kunstundfotografie.de\/public\/wp-json\/wp\/v2\/comments?post=286"}],"version-history":[{"count":23,"href":"https:\/\/kunstundfotografie.de\/public\/wp-json\/wp\/v2\/pages\/286\/revisions"}],"predecessor-version":[{"id":1080,"href":"https:\/\/kunstundfotografie.de\/public\/wp-json\/wp\/v2\/pages\/286\/revisions\/1080"}],"wp:attachment":[{"href":"https:\/\/kunstundfotografie.de\/public\/wp-json\/wp\/v2\/media?parent=286"}],"curies":[{"name":"wp","href":"https:\/\/api.w.org\/{rel}","templated":true}]}}